t r(y) = y - 1. Let l be 6/(-15) + 96/15. Let p = l - 4. Suppose -p = 2*g + 4. Determine r(g).
-4
Let x(t) = -2*t**2 - 1. Let o be (13/(-26))/((-1)/(-2)). Give x(o).
-3
Let x(h) = 2*h + 10. Let y(v) = -v**3 - 5*v**2 - 3*v - 3. Let f be y(-4). Let d be x(f). Let r(b) = b**3 + 5*b + 0*b**2 + 5*b**2 + 10 - 4. Calculate r(d).
2
Let l(y) = -y**2 - 3*y - 1. Let c = -6 - -14. Let t(m) = 4*m + 4. Let j be t(c). Suppose 3*a + j = -a - 4*p, 3*a - 4*p = 8. Calculate l(a).
-5
Let a(p) be the second derivative of p**8/6720 - p**6/720 - p**4/6 + 2*p. Let o(l) be the third derivative of a(l). Let z = 0 - 2. Determine o(z).
-6
Let p(n) = -2*n - 5 + 5 + n. Let o be 132/28 + (-4)/(-14). What is p(o)?
-5
Let p(a) = -3*a + 5 + 5*a - 3*a. Let d be p(7). Let v(z) = -z**2 + 4*z - 5. Let n(x) = -2*x**2 + 7*x - 9. Let w(o) = 4*n(o) - 7*v(o). Determine w(d).
-5
Suppose -4*y + 4*c = 8 + 24, 17 = -3*y - 4*c. Let q(o) = -o - 1. Calculate q(y).
6
Suppose 0 = -c + 5 - 2. Let v(n) = -n**3 - 5*n**2 - 7*n - 4. Let x be v(-4). Suppose -c*s - x = s. Let a(p) = -2*p**2 - 2*p - 2. What is a(s)?
-6
Let j be (4/6)/((-2)/(-6)). Let h = -16 + 23. Let y = j - h. Let a(z) = z**2 + 6*z + 4. Give a(y).
-1
Let r(w) = -w**2 - w - 1. Let l be 0/4 + 4/2. Give r(l).
-7
Let m be 35/10*(-4)/(-7). Suppose -3*i = -6 - 0. Let n(g) = 8*g**m + 0 - 3 + 1 + i*g - 4*g**2. Calculate n(-2).
10
Let y(g) = 6 - 2 - 3. Let o(q) = 7*q + 2. Let p(a) = -o(a) + 3*y(a). Determine p(1).
-6
Let v(m) be the first derivative of -5*m**2/2 + 3*m - 16. Give v(-3).
18
Let u(j) = -4*j**2 + 0*j - 2*j + 2 - 3. Let p = -215 + 214. What is u(p)?
-3
Let c(u) = -2*u**3 + 2*u**2 + 2*u + 1. Let n be c(-1). Let m(g) = 0 - 4*g - g + g**2 + n. Let t(z) = -z + 3. Let f be t(0). What is m(f)?
-3
Suppose 5*j + 5 = -f, 4*f - 28 = 3*j + j. Suppose p - 13 = f*m + 2, 0 = m - p + 7. Let n(d) = 0 - d**3 - 2*d**2 + 2 - 12*d + 4*d + 6*d. Calculate n(m).
6
Let o(y) = y**2 - 5*y - 8. Let x be o(6). Let n be 3*(-4)/(-6)*x. Let q(v) = v**3 + 5*v**2 + 7*v + 4. Determine q(n).
-8
Suppose -2*t - 10 + 2 = 0. Let q(p) = -3*p. Calculate q(t).
12
Let x(i) = 2*i + 1. Suppose u + 4 = 2*u. Suppose 2*o - u*v - 4 = 0, -4*v + 2*v = 2*o - 4. Suppose -4*l + 6 = 2*s, -3*l - o*s - 3 = -2*l. What is x(l)?
7
Let g(q) = -q**2 - 4*q - 1. Let d(m) = -4*m**2 - 11*m - 2. Let u(y) = -2*d(y) + 7*g(y). What is u(6)?
-3
Let j(h) = 11*h - 2. Let w(d) = -5*d + 1. Let b(c) = 3*j(c) + 7*w(c). Suppose 5*n - n - 5*p = 11, 6 = -2*p. Let m = n - 1. Determine b(m).
5
Let m(n) = n**3 - 4*n**2 - 2*n + 2. Let f = 36 - 22. Let o = f + -10. Give m(o).
-6
Let z(f) = 5*f + f - 4*f. Calculate z(-2).
-4
Let g(d) be the third derivative of 0*d + 1/24*d**4 + 0 + 10*d**2 + 5/3*d**3. What is g(-7)?
3
Let j(i) = -25 + 2*i - 4*i - 4*i + 28. Determine j(2).
-9
Let f(p) = 2*p - 4. Suppose 35*g - 31*g - 12 = 0. Determine f(g).
2
Let l be (-3)/6*(1 + -7). Let o(b) = 6*b + 3. Let z(f) = -7*f - 4. Let i be (-4)/(-10) - (-160)/(-25). Let v(w) = i*o(w) - 5*z(w). Give v(l).
-1
Let t(o) be the first derivative of -o**2/2 + 5*o + 11. What is t(5)?
0
Suppose 3*d = -f - 8, 0 = -0*f - 2*f + 8. Let c(v) = v**3 + 5*v**2 + 5*v + 1. What is c(d)?
-3
Let s(u) be the third derivative of -u**5/60 + u**4/6 - u**3/3 - 36*u**2. Determine s(4).
-2
Let g(m) = -m**3 - 2*m**2 + 3*m - 2. Let u(q) = -q**3 - q**2 + q. Let r(d) = -g(d) + 2*u(d). Calculate r(0).
2
Let g(c) = -c**3 - 9*c**2 - 2*c - 14. Let q be g(-9). Let i(r) = -2*r**2 + 6*r - 5. Determine i(q).
-13
Let t be (3 - 0 - 3)/(-4). Suppose t = 3*y - 4 - 14. Let c(n) = -n**2 + 5*n + 7. What is c(y)?
1
Let o(s) = 5*s**2 - 2 + 6*s - 4*s**2 - 2*s**2. Let g = 13 - 7. Let d be 5/(-30) - (-31)/g. Calculate o(d).
3
Let p(u) = -3*u**3 + 5*u**2 + 5*u - 7. Let k(o) = o**3 + 2. Let s(y) = 2*k(y) + p(y). Calculate s(5).
22
Let q(u) = -u**3 + 7*u**2 + 2. Let p be q(7). Let w(y) = 0 + y**3 + 0 + 7*y**p - 3 - 2*y**2. What is w(-4)?
13
Let q(f) = -4*f + 7. Let h be (-24)/(-9)*45/20. Calculate q(h).
-17
Let j(u) = 3*u + 0*u**2 + 3 - 1 - u**2 - 7*u. Let t be j(-3). Let g(i) = t + 4*i + i**2 - 5*i**2 + 3*i**2. Calculate g(4).
5
Let j(u) = -u**2 - 6*u - 3. Suppose 0 = 2*m - 2*c - 8, 2*m = -2*m + 3*c + 16. Let g = m + -4. Suppose g*v - 3*h = -v + 5, 23 = -2*v - 5*h. What is j(v)?
5
Let c(h) be the second derivative of -h**5/20 - h**4/4 + h**3/3 + h**2 + h. Let z be c(-3). Let d(b) = 1 + 0*b**2 - b**2 - 2 - 4*b. Calculate d(z).
-1
Suppose -5*d = 2*s - 13 - 3, 2*s = -4*d + 14. Let m(k) = -k**2 - k + 1. Let f(p) = -p**2 - 2*p + 6. Let y(h) = d*m(h) - f(h). Calculate y(0).
-4
Let u = 6 - 5. Suppose v - 6 + u = 0. Let s(q) be the second derivative of q**4/12 - 2*q**3/3 - q**2/2 + 2*q. What is s(v)?
4
Let a(r) be the first derivative of r**2/2 + 2*r - 10. Suppose 2*l = 6*l - 20. What is a(l)?
7
Let g(a) = -a**3 - 5*a**2 + 7*a. Suppose 5*d + 2*z - 4*z + 34 = 0, 3*z = 6. Determine g(d).
-6
Let z = 4 + -3. Let o be 6/3 + z - 2. Let t(k) = 6*k + 3. Let l(a) = -a. Let v(w) = o*t(w) + 5*l(w). Determine v(0).
3
Let s(q) be the third derivative of -q**4/24 - q**3/2 - 22*q**2. Calculate s(-9).
6
Let v(f) = -f**2 - f + 2. Let o(a) = -a**3 - 5*a**2 + 6*a. Let t = 15 - 21. Let y be o(t). What is v(y)?
2
Let y(p) be the second derivative of -p**5/10 - p**4/6 - p**3/6 - 2*p. Give y(-1).
1
Let a(x) = -4*x - 2 + 3*x - x - 6. Determine a(-6).
4
Let s(z) = -z**3 - 9*z**2 - z - 3. Let n be s(-9). Let h be (-3)/(-18) + 11/n. Let c(k) = -k**3 + k**2 - k + 2. Calculate c(h).
-4
Let r(z) = z**3 + 12*z**2 + z + 14. Let p be r(-12). Let g(j) = -j**2 + p + 0 + 0. Calculate g(-3).
-7
Let i(m) be the third derivative of 11*m**2 + 0*m + 0 + 2/15*m**5 + 1/6*m**3 + 0*m**4. Suppose -4 - 9 = 3*l - 5*q, 0 = 3*l + 3*q - 3. What is i(l)?
9
Let a be (-6)/(-10) - 8/(-20). Let k(j) = -3*j + 2*j - 17*j**3 - j**2 + 1 + 20*j**3. Give k(a).
2
Let d(r) = -r - 1. Let q(g) = -4*g - 3. Let m(f) = 2*d(f) - q(f). Suppose 0 = 5*o + z + z + 5, o + 19 = -4*z. Give m(o).
3
Let g(a) = -a**3 - 9*a**2 + 8. Let b be (-16 + 7)/(2/2). Give g(b).
8
Suppose -5*c = 20, 5*p + 4*c + 1 = 5. Let k(t) be the first derivative of t - 1 + t**2 + 2/3*t**3 + t**p. Determine k(-1).
-3
Let h(j) = -7*j. Suppose 0 = 2*m - 4 - 0. Suppose -m*c - 7 = -r, 5*r - r - 4*c = 20. Suppose -4*u = -2*v + 6, -5 = -r*v + 2*v. What is h(u)?
-7
Let f(h) be the third derivative of -h**4/24 - 7*h**3/6 - h**2. Give f(0).
-7
Let y be 0/(-1 + -2) - 0. Suppose -2*r = -3*r - b - 2, -5*r + b + 20 = y. Let v(m) = -m**2 + m + 3. What is v(r)?
-3
Let i(r) be the first derivative of r**4/4 + r**3 - 2*r - 14. Determine i(-2).
2
Suppose 3*z - 2 = 4*q - 0*q, 5*q - 2*z = 1. Let n(r) = -6*r + 1. Give n(q).
-5
Suppose 0 = 2*l - 2*j - 2, 0*l + 5 = 2*l + j. Let m(p) = -3*p**2 + 0*p**2 + 2 - 3 + 4*p**l + p**3. Give m(-1).
-1
Let w(y) = 5*y**3 - 30*y**2 - 24*y + 1. Let m(l) = -2*l**3 + 10*l**2 + 8*l. Let o(f) = 8*m(f) + 3*w(f). Determine o(-9).
-6
Let z(m) = -2*m**2 + 4*m. Let l(r) be the first derivative of r**3/3 - r**2/2 + r + 3. Let b(k) = l(k) + z(k). Give b(5).
-9
Suppose 2*a - 2 = -2*r, -5*a - 2*r + 3*r + 5 = 0. Let g(m) = 5*m**2 - 2*m + 1. Determine g(a).
4
Let u(w) be the first derivative of -w**2/2 + 3*w + 1. Let f(i) = i + 12. Let d be f(-9). Calculate u(d).
0
Let a(d) = -4*d - 2. Let j(f) = 2*f + 1. Let w(t) = -2*a(t) - 5*j(t). Suppose 0 = 2*l + 2, 4*l - 8 = 3*s + 3. Let z be (3 + s)*3/6. Give w(z).
1
Let o(t) = -t**3 - 2*t**2 - t - 1. Let f be 62/8 + (-6)/(-24). Suppose 3*h - 2 + f = 0. Give o(h).
1
Let g(k) = 7*k**2 - 3*k - 2. Let s(z) = 14*z**2 - 7*z - 5. Let v(j) = 5*g(j) - 2*s(j). What is v(1)?
6
Let g(f) = -f**3 - 4*f - 7. Let u(w) = 3*w**3 + 9*w + 15. Let y(s) = -13*g(s) - 6*u(s). Let o be ((-225)/36 - -7) + (-1)/(-4). Determine y(o).
-6
Let g be (-15)/20*(0 - 2*-2). Let h(j) = -j**3 - 2*j**2 + 3*j + 2. What is h(g)?
2
Let n(r) = -r**2 - r - 2. Let b = 0 + 1. Suppose 5*s - 3*d - 12 = -32, -4*s - 14 = -2*d. Let g be (0/1)/(s - b). What is n(g)?
-2
Let d = 2 + -3. Let h(a) = a + 1. Let q(m) = 4*m + 5. Let f(b) = -3*b - 4. Let u(t) = -5*f(t) - 4*q(t). Let o(y) = -h(y) + 6*u(y). Calculate o(d).
6
Let z(y) = y**3 + 5*y**2 + y + 2. Let x be z(-5). Let d(p) = 2*p + 0*p - 5*p - p**3 - 4*p**2. What is d(x)?
0
Let g = -11 + 11. Suppose -2*i - 5*q - 9 = 6, -4*i - 5*q - 25 = g. Let p(z) = z**2 + 6*